{"id":769,"date":"2024-11-04T16:30:07","date_gmt":"2024-11-04T15:30:07","guid":{"rendered":"https:\/\/sialababakwiat.pl\/?post_type=product&#038;p=769"},"modified":"2024-11-04T16:33:01","modified_gmt":"2024-11-04T15:33:01","slug":"pumpkin-spices-spray-zapachowy","status":"publish","type":"product","link":"https:\/\/sialababakwiat.pl\/?product=pumpkin-spices-spray-zapachowy","title":{"rendered":"PUMPKIN SPICES SPRAY ZAPACHOWY"},"content":{"rendered":"<p>Przenie\u015b ciep\u0142y, przytulny klimat jesieni do swojego wn\u0119trza dzi\u0119ki wyj\u0105tkowemu sprayowi do tkanin o zapachu dyni, wzbogaconemu nutami go\u017adzik\u00f3w i cynamonu. Ta aromatyczna mgie\u0142ka natychmiast od\u015bwie\u017cy Twoje tekstylia, nadaj\u0105c im delikatny zapach, kt\u00f3ry otula pomieszczenie przytulnym ciep\u0142em przypraw. Idealny do stosowania na zas\u0142onach, narzutach, poduszkach, a nawet ubraniach, nasz spray nie pozostawia plam i jest bezpieczny dla wi\u0119kszo\u015bci tkanin.<\/p>\n<p>Dzi\u0119ki starannie dobranym sk\u0142adnikom, zapach dyni z dodatkiem korzennych przypraw wprowadza do wn\u0119trza atmosfer\u0119 komfortu i relaksu, kt\u00f3ra utrzymuje si\u0119 przez d\u0142ugi czas. Ciesz si\u0119 esencj\u0105 sezonu o ka\u017cdej porze roku \u2013 ten spray sprawdzi si\u0119 idealnie nie tylko jesieni\u0105, ale i zawsze wtedy, gdy potrzebujesz odrobiny przytulno\u015bci.<\/p>\n","protected":false},"excerpt":{"rendered":"<p>Przenie\u015b ciep\u0142y, przytulny klimat jesieni do swojego wn\u0119trza dzi\u0119ki wyj\u0105tkowemu sprayowi do tkanin o zapachu dyni, wzbogaconemu nutami go\u017adzik\u00f3w i cynamonu. Ta aromatyczna mgie\u0142ka natychmiast od\u015bwie\u017cy Twoje tekstylia, nadaj\u0105c im delikatny zapach, kt\u00f3ry otula pomieszczenie przytulnym ciep\u0142em przypraw. Idealny do stosowania na zas\u0142onach, narzutach, poduszkach, a nawet ubraniach, nasz spray nie pozostawia plam i jest [&hellip;]<\/p>\n","protected":false},"featured_media":771,"comment_status":"open","ping_status":"closed","template":"","meta":{"_eb_attr":"","om_disable_all_campaigns":false,"_monsterinsights_skip_tracking":false,"_monsterinsights_sitenote_active":false,"_monsterinsights_sitenote_note":"","_monsterinsights_sitenote_category":0,"_themeisle_gutenberg_block_has_review":false},"product_brand":[],"product_cat":[22],"product_tag":[],"class_list":{"0":"post-769","1":"product","2":"type-product","3":"status-publish","4":"has-post-thumbnail","6":"product_cat-spray-zapachowy","8":"first","9":"instock","10":"shipping-taxable","11":"purchasable","12":"product-type-simple"},"yoast_head":"<!-- This site is optimized with the Yoast SEO Premium plugin v20.8 (Yoast SEO v20.12) - https:\/\/yoast.com\/wordpress\/plugins\/seo\/ -->\n<title>PUMPKIN SPICES SPRAY ZAPACHOWY - Sia\u0142a Baba Kwiat<\/title>\n<meta name=\"description\" content=\"Dzi\u0119ki starannie dobranym sk\u0142adnikom, zapach dyni z dodatkiem korzennych przypraw wprowadza do wn\u0119trza atmosfer\u0119 komfortu i relaksu, kt\u00f3ra utrzymuje si\u0119 przez d\u0142ugi czas.\" \/>\n<meta name=\"robots\" content=\"index, follow, max-snippet:-1, max-image-preview:large, max-video-preview:-1\" \/>\n<link rel=\"canonical\" href=\"https:\/\/sialababakwiat.pl\/?product=pumpkin-spices-spray-zapachowy\" \/>\n<meta property=\"og:locale\" content=\"pl_PL\" \/>\n<meta property=\"og:type\" content=\"article\" \/>\n<meta property=\"og:title\" content=\"PUMPKIN SPICES SPRAY ZAPACHOWY\" \/>\n<meta property=\"og:description\" content=\"Dzi\u0119ki starannie dobranym sk\u0142adnikom, zapach dyni z dodatkiem korzennych przypraw wprowadza do wn\u0119trza atmosfer\u0119 komfortu i relaksu, kt\u00f3ra utrzymuje si\u0119 przez d\u0142ugi czas.\" \/>\n<meta property=\"og:url\" content=\"https:\/\/sialababakwiat.pl\/?product=pumpkin-spices-spray-zapachowy\" \/>\n<meta property=\"og:site_name\" content=\"Sia\u0142a Baba Kwiat\" \/>\n<meta property=\"article:publisher\" content=\"https:\/\/facebook.com\/sialababakwiat\" \/>\n<meta property=\"article:modified_time\" content=\"2024-11-04T15:33:01+00:00\" \/>\n<meta property=\"og:image\" content=\"https:\/\/sialababakwiat.pl\/wp-content\/uploads\/2024\/11\/IMG_3009-2-scaled.jpg\" \/>\n\t<meta property=\"og:image:width\" content=\"1707\" \/>\n\t<meta property=\"og:image:height\" content=\"2560\" \/>\n\t<meta property=\"og:image:type\" content=\"image\/jpeg\" \/>\n<meta name=\"twitter:card\" content=\"summary_large_image\" \/>\n<meta name=\"twitter:label1\" content=\"Cena\" \/>\n\t<meta name=\"twitter:data1\" content=\"60.00&nbsp;&#122;&#322;\" \/>\n\t<meta name=\"twitter:label2\" content=\"Dost\u0119pno\u015b\u0107\" \/>\n\t<meta name=\"twitter:data2\" content=\"Dost\u0119pny\" \/>\n<script type=\"application\/ld+json\" class=\"yoast-schema-graph\">{\"@context\":\"https:\/\/schema.org\",\"@graph\":[{\"@type\":\"WebPage\",\"@id\":\"https:\/\/sialababakwiat.pl\/?product=pumpkin-spices-spray-zapachowy\",\"url\":\"https:\/\/sialababakwiat.pl\/?product=pumpkin-spices-spray-zapachowy\",\"name\":\"PUMPKIN SPICES SPRAY ZAPACHOWY - Sia\u0142a Baba Kwiat\",\"isPartOf\":{\"@id\":\"https:\/\/sialababakwiat.pl\/#website\"},\"datePublished\":\"2024-11-04T15:30:07+00:00\",\"dateModified\":\"2024-11-04T15:33:01+00:00\",\"description\":\"Dzi\u0119ki starannie dobranym sk\u0142adnikom, zapach dyni z dodatkiem korzennych przypraw wprowadza do wn\u0119trza atmosfer\u0119 komfortu i relaksu, kt\u00f3ra utrzymuje si\u0119 przez d\u0142ugi czas.\",\"breadcrumb\":{\"@id\":\"https:\/\/sialababakwiat.pl\/?product=pumpkin-spices-spray-zapachowy#breadcrumb\"},\"inLanguage\":\"pl-PL\",\"potentialAction\":[{\"@type\":\"ReadAction\",\"target\":[\"https:\/\/sialababakwiat.pl\/?product=pumpkin-spices-spray-zapachowy\"]}]},{\"@type\":\"BreadcrumbList\",\"@id\":\"https:\/\/sialababakwiat.pl\/?product=pumpkin-spices-spray-zapachowy#breadcrumb\",\"itemListElement\":[{\"@type\":\"ListItem\",\"position\":1,\"name\":\"Home\",\"item\":\"https:\/\/sialababakwiat.pl\/\"},{\"@type\":\"ListItem\",\"position\":2,\"name\":\"Produkty\",\"item\":\"https:\/\/sialababakwiat.pl\/?post_type=product\"},{\"@type\":\"ListItem\",\"position\":3,\"name\":\"PUMPKIN SPICES SPRAY ZAPACHOWY\"}]},{\"@type\":\"WebSite\",\"@id\":\"https:\/\/sialababakwiat.pl\/#website\",\"url\":\"https:\/\/sialababakwiat.pl\/\",\"name\":\"Sia\u0142a Baba Kwiat\",\"description\":\"Manufaktura i kwiaciarnia w Kwidzynie\",\"publisher\":{\"@id\":\"https:\/\/sialababakwiat.pl\/#organization\"},\"potentialAction\":[{\"@type\":\"SearchAction\",\"target\":{\"@type\":\"EntryPoint\",\"urlTemplate\":\"https:\/\/sialababakwiat.pl\/?s={search_term_string}\"},\"query-input\":\"required name=search_term_string\"}],\"inLanguage\":\"pl-PL\"},{\"@type\":[\"Organization\",\"Place\",\"Florist\"],\"@id\":\"https:\/\/sialababakwiat.pl\/#organization\",\"name\":\"Sia\u0142a Baba Kwiat\",\"url\":\"https:\/\/sialababakwiat.pl\/\",\"logo\":{\"@id\":\"https:\/\/sialababakwiat.pl\/?product=pumpkin-spices-spray-zapachowy#local-main-organization-logo\"},\"image\":{\"@id\":\"https:\/\/sialababakwiat.pl\/?product=pumpkin-spices-spray-zapachowy#local-main-organization-logo\"},\"sameAs\":[\"https:\/\/facebook.com\/sialababakwiat\",\"https:\/\/instagram.com\/sialababakwiat\"],\"address\":{\"@id\":\"https:\/\/sialababakwiat.pl\/?product=pumpkin-spices-spray-zapachowy#local-main-place-address\"},\"telephone\":[\"798 762 282\"],\"openingHoursSpecification\":[{\"@type\":\"OpeningHoursSpecification\",\"dayOfWeek\":[\"Monday\",\"Tuesday\",\"Wednesday\",\"Thursday\",\"Friday\",\"Saturday\"],\"opens\":\"10:00\",\"closes\":\"20:00\"},{\"@type\":\"OpeningHoursSpecification\",\"dayOfWeek\":[\"Sunday\"],\"opens\":\"10:00\",\"closes\":\"18:00\"}],\"email\":\"sklep@sialababakwiat.pl\",\"priceRange\":\"$$\"},{\"@type\":\"PostalAddress\",\"@id\":\"https:\/\/sialababakwiat.pl\/?product=pumpkin-spices-spray-zapachowy#local-main-place-address\",\"streetAddress\":\"15 Sierpnia 14B\",\"addressLocality\":\"Kwidzyn\",\"postalCode\":\"82-500\",\"addressRegion\":\"Pomorskie\",\"addressCountry\":\"PL\"},{\"@type\":\"ImageObject\",\"inLanguage\":\"pl-PL\",\"@id\":\"https:\/\/sialababakwiat.pl\/?product=pumpkin-spices-spray-zapachowy#local-main-organization-logo\",\"url\":\"https:\/\/sialababakwiat.pl\/wp-content\/uploads\/2023\/04\/Sialababakwiat2.png\",\"contentUrl\":\"https:\/\/sialababakwiat.pl\/wp-content\/uploads\/2023\/04\/Sialababakwiat2.png\",\"width\":1589,\"height\":1963,\"caption\":\"Sia\u0142a Baba Kwiat\"}]}<\/script>\n<meta property=\"product:price:amount\" content=\"60.00\" \/>\n<meta property=\"product:price:currency\" content=\"PLN\" \/>\n<meta property=\"og:availability\" content=\"instock\" \/>\n<meta property=\"product:availability\" content=\"instock\" \/>\n<meta property=\"product:condition\" content=\"new\" \/>\n<meta name=\"geo.placename\" content=\"Kwidzyn\" \/>\n<meta name=\"geo.region\" content=\"Polska\" \/>\n<!-- \/ Yoast SEO Premium plugin. -->","yoast_head_json":{"title":"PUMPKIN SPICES SPRAY ZAPACHOWY - Sia\u0142a Baba Kwiat","description":"Dzi\u0119ki starannie dobranym sk\u0142adnikom, zapach dyni z dodatkiem korzennych przypraw wprowadza do wn\u0119trza atmosfer\u0119 komfortu i relaksu, kt\u00f3ra utrzymuje si\u0119 przez d\u0142ugi czas.","robots":{"index":"index","follow":"follow","max-snippet":"max-snippet:-1","max-image-preview":"max-image-preview:large","max-video-preview":"max-video-preview:-1"},"canonical":"https:\/\/sialababakwiat.pl\/?product=pumpkin-spices-spray-zapachowy","og_locale":"pl_PL","og_type":"article","og_title":"PUMPKIN SPICES SPRAY ZAPACHOWY","og_description":"Dzi\u0119ki starannie dobranym sk\u0142adnikom, zapach dyni z dodatkiem korzennych przypraw wprowadza do wn\u0119trza atmosfer\u0119 komfortu i relaksu, kt\u00f3ra utrzymuje si\u0119 przez d\u0142ugi czas.","og_url":"https:\/\/sialababakwiat.pl\/?product=pumpkin-spices-spray-zapachowy","og_site_name":"Sia\u0142a Baba Kwiat","article_publisher":"https:\/\/facebook.com\/sialababakwiat","article_modified_time":"2024-11-04T15:33:01+00:00","og_image":[{"width":1707,"height":2560,"url":"https:\/\/sialababakwiat.pl\/wp-content\/uploads\/2024\/11\/IMG_3009-2-scaled.jpg","type":"image\/jpeg"}],"twitter_card":"summary_large_image","twitter_misc":{"Cena":"60.00&nbsp;&#122;&#322;","Dost\u0119pno\u015b\u0107":"Dost\u0119pny"},"schema":{"@context":"https:\/\/schema.org","@graph":[{"@type":"WebPage","@id":"https:\/\/sialababakwiat.pl\/?product=pumpkin-spices-spray-zapachowy","url":"https:\/\/sialababakwiat.pl\/?product=pumpkin-spices-spray-zapachowy","name":"PUMPKIN SPICES SPRAY ZAPACHOWY - Sia\u0142a Baba Kwiat","isPartOf":{"@id":"https:\/\/sialababakwiat.pl\/#website"},"datePublished":"2024-11-04T15:30:07+00:00","dateModified":"2024-11-04T15:33:01+00:00","description":"Dzi\u0119ki starannie dobranym sk\u0142adnikom, zapach dyni z dodatkiem korzennych przypraw wprowadza do wn\u0119trza atmosfer\u0119 komfortu i relaksu, kt\u00f3ra utrzymuje si\u0119 przez d\u0142ugi czas.","breadcrumb":{"@id":"https:\/\/sialababakwiat.pl\/?product=pumpkin-spices-spray-zapachowy#breadcrumb"},"inLanguage":"pl-PL","potentialAction":[{"@type":"ReadAction","target":["https:\/\/sialababakwiat.pl\/?product=pumpkin-spices-spray-zapachowy"]}]},{"@type":"BreadcrumbList","@id":"https:\/\/sialababakwiat.pl\/?product=pumpkin-spices-spray-zapachowy#breadcrumb","itemListElement":[{"@type":"ListItem","position":1,"name":"Home","item":"https:\/\/sialababakwiat.pl\/"},{"@type":"ListItem","position":2,"name":"Produkty","item":"https:\/\/sialababakwiat.pl\/?post_type=product"},{"@type":"ListItem","position":3,"name":"PUMPKIN SPICES SPRAY ZAPACHOWY"}]},{"@type":"WebSite","@id":"https:\/\/sialababakwiat.pl\/#website","url":"https:\/\/sialababakwiat.pl\/","name":"Sia\u0142a Baba Kwiat","description":"Manufaktura i kwiaciarnia w Kwidzynie","publisher":{"@id":"https:\/\/sialababakwiat.pl\/#organization"},"potentialAction":[{"@type":"SearchAction","target":{"@type":"EntryPoint","urlTemplate":"https:\/\/sialababakwiat.pl\/?s={search_term_string}"},"query-input":"required name=search_term_string"}],"inLanguage":"pl-PL"},{"@type":["Organization","Place","Florist"],"@id":"https:\/\/sialababakwiat.pl\/#organization","name":"Sia\u0142a Baba Kwiat","url":"https:\/\/sialababakwiat.pl\/","logo":{"@id":"https:\/\/sialababakwiat.pl\/?product=pumpkin-spices-spray-zapachowy#local-main-organization-logo"},"image":{"@id":"https:\/\/sialababakwiat.pl\/?product=pumpkin-spices-spray-zapachowy#local-main-organization-logo"},"sameAs":["https:\/\/facebook.com\/sialababakwiat","https:\/\/instagram.com\/sialababakwiat"],"address":{"@id":"https:\/\/sialababakwiat.pl\/?product=pumpkin-spices-spray-zapachowy#local-main-place-address"},"telephone":["798 762 282"],"openingHoursSpecification":[{"@type":"OpeningHoursSpecification","dayOfWeek":["Monday","Tuesday","Wednesday","Thursday","Friday","Saturday"],"opens":"10:00","closes":"20:00"},{"@type":"OpeningHoursSpecification","dayOfWeek":["Sunday"],"opens":"10:00","closes":"18:00"}],"email":"sklep@sialababakwiat.pl","priceRange":"$$"},{"@type":"PostalAddress","@id":"https:\/\/sialababakwiat.pl\/?product=pumpkin-spices-spray-zapachowy#local-main-place-address","streetAddress":"15 Sierpnia 14B","addressLocality":"Kwidzyn","postalCode":"82-500","addressRegion":"Pomorskie","addressCountry":"PL"},{"@type":"ImageObject","inLanguage":"pl-PL","@id":"https:\/\/sialababakwiat.pl\/?product=pumpkin-spices-spray-zapachowy#local-main-organization-logo","url":"https:\/\/sialababakwiat.pl\/wp-content\/uploads\/2023\/04\/Sialababakwiat2.png","contentUrl":"https:\/\/sialababakwiat.pl\/wp-content\/uploads\/2023\/04\/Sialababakwiat2.png","width":1589,"height":1963,"caption":"Sia\u0142a Baba Kwiat"}]},"product_price_amount":"60.00","product_price_currency":"PLN","og_availability":"instock","product_availability":"instock","product_condition":"new","geo.placename":"Kwidzyn","geo.region":"Polska"},"_links":{"self":[{"href":"https:\/\/sialababakwiat.pl\/index.php?rest_route=\/wp\/v2\/product\/769","targetHints":{"allow":["GET"]}}],"collection":[{"href":"https:\/\/sialababakwiat.pl\/index.php?rest_route=\/wp\/v2\/product"}],"about":[{"href":"https:\/\/sialababakwiat.pl\/index.php?rest_route=\/wp\/v2\/types\/product"}],"replies":[{"embeddable":true,"href":"https:\/\/sialababakwiat.pl\/index.php?rest_route=%2Fwp%2Fv2%2Fcomments&post=769"}],"wp:featuredmedia":[{"embeddable":true,"href":"https:\/\/sialababakwiat.pl\/index.php?rest_route=\/wp\/v2\/media\/771"}],"wp:attachment":[{"href":"https:\/\/sialababakwiat.pl\/index.php?rest_route=%2Fwp%2Fv2%2Fmedia&parent=769"}],"wp:term":[{"taxonomy":"product_brand","embeddable":true,"href":"https:\/\/sialababakwiat.pl\/index.php?rest_route=%2Fwp%2Fv2%2Fproduct_brand&post=769"},{"taxonomy":"product_cat","embeddable":true,"href":"https:\/\/sialababakwiat.pl\/index.php?rest_route=%2Fwp%2Fv2%2Fproduct_cat&post=769"},{"taxonomy":"product_tag","embeddable":true,"href":"https:\/\/sialababakwiat.pl\/index.php?rest_route=%2Fwp%2Fv2%2Fproduct_tag&post=769"}],"curies":[{"name":"wp","href":"https:\/\/api.w.org\/{rel}","templated":true}]}}